8102.
2, 7, 11, 389663
What are the prime factors of 226367752?
2, 13, 2176613
List the prime factors of 19114243.
809, 23627
List the prime factors of 455455399.
7, 401, 162257
List the prime factors of 364265331.
3, 113, 313, 3433
List the prime factors of 263590764.
2, 3, 23, 955039
List the prime factors of 46960081.
7, 958369
What are the prime factors of 17349650?
2, 5, 67, 5179
List the prime factors of 157219083.
3, 7, 831847
What are the prime factors of 106525348?
2, 107, 248891
What are the prime factors of 96671597?
11, 8788327
What are the prime factors of 2593010961?
3, 23, 463949
What are the prime factors of 6317839228?
2, 5903, 267569
What are the prime factors of 55591150?
2, 5, 19, 163, 359
List the prime factors of 42735468.
2, 3, 71, 50159
What are the prime factors of 12717578?
2, 79, 80491
List the prime factors of 79505482.
2, 7, 47, 120829
List the prime factors of 5227541.
11, 41, 67, 173
List the prime factors of 635454717.
3, 211818239
List the prime factors of 82978400.
2, 5, 103723
List the prime factors of 862130481.
3, 521, 551587
List the prime factors of 1804683993.
3, 7, 85937333
List the prime factors of 204969609.
3, 13, 194653
What are the prime factors of 142580367?
3, 15842263
What are the prime factors of 2452555261?
13, 41, 4601417
What are the prime factors of 1650708364?
2, 17, 97, 250259
What are the prime factors of 2538491396?
2, 7, 487, 186161
List the prime factors of 99144349.
37, 72421
List the prime factors of 302408610.
2, 3, 5, 7, 167, 8623
List the prime factors of 207130575.
3, 5, 2761741
What are the prime factors of 222501206?
2, 127, 509, 1721
What are the prime factors of 21772192?
2, 13, 199, 263
List the prime factors of 1740891003.
3, 580297001
What are the prime factors of 931198169?
11, 47, 1031, 1747
What are the prime factors of 106387002?
2, 3, 5910389
What are the prime factors of 1818458634?
2, 3, 303076439
What are the prime factors of 57123771?
3, 53, 277, 1297
List the prime factors of 1361994122.
2, 680997061
What are the prime factors of 1063830103?
7, 3671, 41399
What are the prime factors of 67434471?
3, 13, 192121
List the prime factors of 3628784893.
1471, 2466883
List the prime factors of 52888332.
2, 3, 7, 629623
List the prime factors of 396574643.
229, 1731767
What are the prime factors of 1749059409?
3, 137, 4255619
List the prime factors of 4086718882.
2, 43, 47519987
What are the prime factors of 917314998?
2, 3, 152885833
List the prime factors of 1701016529.
131, 941, 13799
What are the prime factors of 130092218?
2, 65046109
What are the prime factors of 1259588727?
3, 5821, 24043
What are the prime factors of 16442579?
2111, 7789
List the prime factors of 68639049.
3, 2542187
List the prime factors of 214516681.
214516681
List the prime factors of 328487873.
7, 31, 631, 2399
List the prime factors of 445117711.
445117711
List the prime factors of 45740255.
5, 11, 313, 2657
What are the prime factors of 32164511?
19, 23, 89, 827
List the prime factors of 1656428173.
37, 151, 296479
What are the prime factors of 25699168?
2, 11, 73009
What are the prime factors of 864001928?
2, 8807, 12263
List the prime factors of 257320821.
3, 85773607
List the prime factors of 2245211774.
2, 13, 6337, 13627
What are the prime factors of 352340593?
11, 41, 781243
What are the prime factors of 93376233?
3, 1152793
List the prime factors of 630894616.
2, 11, 17, 53, 73, 109
What are the prime factors of 127711690?
2, 5, 47, 281, 967
What are the prime factors of 248454870?
2, 3, 5, 709, 11681
List the prime factors of 176408267.
7, 37, 681113
List the prime factors of 3461643059.
7, 1901, 260137
What are the prime factors of 231796381?
5023, 46147
What are the prime factors of 162857346?
2, 3, 59, 223, 2063
What are the prime factors of 75601405?
5, 11, 29, 31, 139
List the prime factors of 45213495.
3, 5, 283, 10651
What are the prime factors of 798433346?
2, 167, 2390519
What are the prime factors of 4091633893?
59, 1439, 48193
List the prime factors of 1189478884.
2, 11, 971, 2531
What are the prime factors of 2190592133?
31547, 69439
What are the prime factors of 294087047?
9281, 31687
List the prime factors of 14180409.
3, 593, 2657
What are the prime factors of 2422672377?
3, 401, 2013859
What are the prime factors of 1048055607?
3, 67, 163, 10663
List the prime factors of 1236699066.
2, 3, 206116511
List the prime factors of 628917490.
2, 5, 29, 37, 58613
List the prime factors of 224125035.
3, 5, 223, 67003
List the prime factors of 127891879.
1061, 120539
List the prime factors of 561792809.
561792809
What are the prime factors of 1441660665?
3, 5, 211, 281, 1621
List the prime factors of 1814954945.
5, 937, 387397
What are the prime factors of 790697494?
2, 61, 6481127
List the prime factors of 2043720777.
3, 7, 97320037
List the prime factors of 2692057023.
3, 47, 6364201
What are the prime factors of 23113837?
71, 251, 1297
List the prime factors of 50860992.
2, 3, 7, 13, 41, 71
List the prime factors of 384469381.
384469381
What are the prime factors of 2366684092?
2, 5237, 112979
What are the prime factors of 654310104?
2, 3, 7, 3894703
What are the prime factors of 635960884?
2, 13, 37, 43, 7687
What are the prime factors of 19139549?
11, 13, 133843
What are the prime factors of 111566958?
2, 3, 18594493
What are the prime factors of 1160887638?
2, 3, 3463, 55871
What are the prime factors of 40264837?
40264837
List the prime factors of 80910452.
2, 7, 1447, 1997
List the prime factors of 425557760.
2, 5, 332467
What are the prime factors of 34605145?
5, 31, 223259
List the prime factors of 2590103272.
2, 17, 19044877
List the prime factors of 326554540.
2, 5, 13, 439, 2861
What are the prime factors of 1955991667?
7, 279427381
List the prime factors of 1602923989.
29, 55273241
What are the prime factors of 109853940?
2, 3, 5, 7, 261557
What are the prime factors of 211122776?
2, 41, 43, 14969
What are the prime factors of 132096345?
3, 5, 2917, 3019
List the prime factors of 166690428.
2, 3, 2539, 5471
List the prime factors of 171212685.
3, 5, 7, 1630597
What are the prime factors of 25989284?
2, 31, 6761
What are the prime factors of 194868800?
2, 5, 7, 127, 137
What are the prime factors of 56050854?
2, 3, 41, 227849
What are the prime factors of 5655208316?
2, 37, 38210867
What are the prime factors of 26044483?
79, 329677
List the prime factors of 233092085.
5, 1381, 33757
List the prime factors of 62964820.
2, 5, 1163, 2707
List the prime factors of 79454310.
2, 3, 5, 13, 41, 4969
List the prime factors of 1639702479.
3, 17, 1277, 1481
What are the prime factors of 352854107?
29, 1499, 8117
What are the prime factors of 390217784?
2, 11, 1279, 3467
List the prime factors of 120714307.
7, 17244901
What are the prime factors of 512945631?
3, 11, 5181269
List the prime factors of 1438803521.
43, 463, 72269
List the prime factors of 56801407.
13, 336103
What are the prime factors of 137821047?
3, 7, 13, 293, 1723
List the prime factors of 78662820.
2, 3, 5, 1311047
List the prime factors of 48432351.
3, 11, 103, 14249
List the prime factors of 833196644.
2, 7, 71, 5903
List the prime factors of 20685418.
2, 13, 23, 34591
What are the prime factors of 4900193205?
3, 5, 131, 163, 15299
What are the prime factors of 15992176?
2, 23, 43457
List the prime factors of 87055945.
5, 53, 328513
What are the prime factors of 420444391?
17, 61, 317, 1279
What are the prime factors of 147609400?
2, 5, 23, 32089
What are the prime factors of 133654823?
29, 4608787
List the prime factors of 452627701.
452627701
List the prime factors of 8327252572.
2, 211, 9866413
List the prime factors of 1130306574.
2, 3, 17, 151, 73387
List the prime factors of 132314104.
2, 13, 191, 6661
List the prime factors of 28689669.
3, 1447, 2203
What are the prime factors of 118769328?
2, 3, 113, 811
List the prime factors of 1473361132.
2, 619, 595057
List the prime factors of 1104668372.
2, 276167093
List the prime factors of 427239731.
53, 71, 113537
List the prime factors of 174257023.
174257023
List the prime factors of 18436750.
2, 5, 29, 2543
What are the prime factors of 8270211378?
2, 3, 11, 13, 741457
List the prime factors of 3481542865.
5, 71, 547, 17929
List the prime factor